{"id":765,"date":"2021-10-01T15:03:48","date_gmt":"2021-10-01T14:03:48","guid":{"rendered":"https:\/\/adiyogiescola.com\/cursos-online\/?page_id=765"},"modified":"2022-02-17T23:29:54","modified_gmt":"2022-02-17T23:29:54","slug":"politica-de-privacidade","status":"publish","type":"page","link":"https:\/\/adiyogiescola.com\/cursos-online\/politica-de-privacidade\/","title":{"rendered":"Pol\u00edtica de privacidade"},"content":{"rendered":"\n<p>Eu, Susana Pessoa Neves, fa\u00e7o a gest\u00e3o do site www.adiyogiescola.com. Esta p\u00e1gina informa-te das minhas pol\u00edticas relativamente \u00e0 obten\u00e7\u00e3o, uso e divulga\u00e7\u00e3o de Informa\u00e7\u00f5es Pessoais que recebo de utilizadores neste Website. Apenas utilizo a Informa\u00e7\u00e3o Pessoal para melhorar a tua experi\u00eancia neste website.<\/p>\n\n\n\n<p>Ao utilizares este site, est\u00e1s a autorizar a obten\u00e7\u00e3o e uso de informa\u00e7\u00e3o, de acordo com esta pol\u00edtica de privacidade.<\/p>\n\n\n\n<p>Todas as suas informa\u00e7\u00f5es pessoais recolhidas, ser\u00e3o usadas para o ajudar a tornar a sua visita no nosso site o mais produtiva e agrad\u00e1vel poss\u00edvel. A garantia da confidencialidade dos dados pessoais dos utilizadores do nosso site \u00e9 importante para a AdiYogi Escola.<\/p>\n\n\n\n<p>Todas as informa\u00e7\u00f5es pessoais relativas a membros, assinantes, clientes ou visitantes que usem a AdiYogi Escola ser\u00e3o tratadas em concord\u00e2ncia com a Lei da Prote\u00e7\u00e3o de Dados Pessoais de 26 de outubro de 1998 (Lei n.\u00ba 67\/98).<\/p>\n\n\n\n<p>A informa\u00e7\u00e3o pessoal recolhida pode incluir o seu nome, e-mail, n\u00famero de telefone e\/ou telem\u00f3vel, morada, data de nascimento e\/ou outros.<\/p>\n\n\n\n<p>O uso do site AdiYogi Escola pressup\u00f5e a aceita\u00e7\u00e3o desta Pol\u00edtica de Privacidade. A equipa da AdiYogi Escola reserva-se ao direito de alterar este documento sem aviso pr\u00e9vio. Deste modo, recomendamos que consulte a nossa pol\u00edtica de privacidade com regularidade de forma a estar sempre atualizado.<\/p>\n\n\n\n<h2 class=\"wp-block-heading\"><strong>Nome e Contactos do Encarregado pela Protec\u00e7\u00e3o de Dados<\/strong><\/h2>\n\n\n\n<p>O encarregado, para efeitos do Regulamento Geral de Protec\u00e7\u00e3o de Dados (RGPD) e outras leis de protec\u00e7\u00e3o de dados aplic\u00e1veis nos Estados-Membros da Uni\u00e3o Europeia e outras disposi\u00e7\u00f5es relacionadas com a protec\u00e7\u00e3o de dados, \u00e9:<\/p>\n\n\n\n<p>Susana Pessoa Neves<\/p>\n\n\n\n<p><strong>email<\/strong>: susana@adiyogiescola.com<\/p>\n\n\n\n<p><strong>Website: <\/strong>adiyogiescola.com<\/p>\n\n\n\n<h2 class=\"wp-block-heading\"><strong>Dados de Logging<\/strong><\/h2>\n\n\n\n<p>Como muitos sites, guardo informa\u00e7\u00e3o que o teu navegador envia sempre que visita o meu site (Dados de Logging). Estes Dados de Logging podem incluir informa\u00e7\u00e3o, tal como o teu endere\u00e7o IP, tipo de navegador, vers\u00e3o de navegador, as p\u00e1ginas do nosso site que visitaste, a hora e data das tuas visitas, o tempo dispendido em cada uma destas p\u00e1ginas e outras estat\u00edsticas. Adicionalmente, poderei utilizar servi\u00e7os de terceiros, como o Google Analytics, que obt\u00e9m, monitoriza e analisa estes dados.<\/p>\n\n\n\n<h2 class=\"wp-block-heading\"><strong>Comunica\u00e7\u00f5es<\/strong><\/h2>\n\n\n\n<p>Para poder comunicar contigo, recolho algumas informa\u00e7\u00f5es pessoais, nome, e-mail e telefone, nos seguintes meios:<\/p>\n\n\n\n<p><strong>Newsletter:<\/strong> recolhe Informa\u00e7\u00e3o Pessoal (nome e e-mail) atrav\u00e9s dos formul\u00e1rios da minha newsletter, para me manter em contacto contigo atrav\u00e9s de newsletters e excelentes oportunidades. Se mudares de ideias, podes a qualquer momento remover-te desta newsletter atrav\u00e9s dos links fornecidos em todos os emails enviados. Esta informa\u00e7\u00e3o \u00e9 gerida pela plataforma Mailchimp.<\/p>\n\n\n\n<p><strong>Contactos<\/strong>: recolhe Informa\u00e7\u00e3o Pessoal (nome e e-mail) atrav\u00e9s dos formul\u00e1rios de contacto deste website, que \u00e9 exclusivamente utilizada para responder \u00e0s tuas d\u00favidas e quest\u00f5es. Estes dados s\u00e3o guardados na plataforma WordPress, e para acederes aos mesmos e\/ou elimin\u00e1-los basta que entres em contacto comigo atrav\u00e9s do formul\u00e1rio <a href=\"https:\/\/adiyogiescola.com\/cursos-online\/contactos\/\">aqui<\/a>, ou atrav\u00e9s do e-mail susana@adiyogiescola.com.<\/p>\n\n\n\n<p><strong>Marca\u00e7\u00f5es:<\/strong> recolhe Informa\u00e7\u00e3o Pessoal (nome, e-mail e telefone) atrav\u00e9s dos formul\u00e1rios de marca\u00e7\u00e3o de servi\u00e7os, onde te pe\u00e7o os dados para podermos conversar e combinar melhor de que forma te posso servir.<\/p>\n\n\n\n<h2 class=\"wp-block-heading\"><strong>Liga\u00e7\u00f5es a Sites de terceiros<\/strong><\/h2>\n\n\n\n<p>O site AdiYogi Escola possui liga\u00e7\u00f5es para outros sites, os quais, a nosso ver, podem conter informa\u00e7\u00f5es \/ ferramentas \u00fateis para os nossos visitantes. A nossa pol\u00edtica de privacidade n\u00e3o \u00e9 aplicada a sites de terceiros, pelo que, caso visite outro site a partir do nosso dever\u00e1 ler a politica de privacidade do mesmo.<\/p>\n\n\n\n<p>N\u00e3o nos responsabilizamos pela pol\u00edtica de privacidade ou conte\u00fado presente nesses mesmos sites.<\/p>\n\n\n\n<h2 class=\"wp-block-heading\"><strong>Pol\u00edtica de Cookies AdiYogi Escola<\/strong><\/h2>\n\n\n\n<h3 class=\"wp-block-heading\"><strong>O que s\u00e3o cookies?<\/strong><\/h3>\n\n\n\n<p>Como \u00e9 pr\u00e1tica comum em quase todos os sites profissionais, este site usa cookies, que s\u00e3o pequenos arquivos baixados no seu computador, para melhorar sua experi\u00eancia. Esta p\u00e1gina descreve quais informa\u00e7\u00f5es eles coletam, como as usamos e por que \u00e0s vezes precisamos armazenar esses cookies. Tamb\u00e9m compartilharemos como voc\u00ea pode impedir que esses cookies sejam armazenados, no entanto, isso pode fazer o downgrade ou \u2018quebrar\u2019 certos elementos da funcionalidade do site.<\/p>\n\n\n\n<h3 class=\"wp-block-heading\"><strong>Como usamos os cookies?<\/strong><\/h3>\n\n\n\n<p>Utilizamos cookies por v\u00e1rios motivos, detalhados abaixo. Infelizmente, na maioria dos casos, n\u00e3o existem op\u00e7\u00f5es padr\u00e3o do setor para desativar os cookies sem desativar completamente a funcionalidade e os recursos que eles adicionam a este site. \u00c9 recomend\u00e1vel que voc\u00ea deixe todos os cookies se n\u00e3o tiver certeza se precisa ou n\u00e3o deles, caso sejam usados \u200b\u200bpara fornecer um servi\u00e7o que voc\u00ea usa.<\/p>\n\n\n\n<h3 class=\"wp-block-heading\"><strong>Desativar cookies<\/strong><\/h3>\n\n\n\n<p>Voc\u00ea pode impedir a configura\u00e7\u00e3o de cookies ajustando as configura\u00e7\u00f5es do seu navegador (consulte a Ajuda do navegador para saber como fazer isso). Esteja ciente de que a desativa\u00e7\u00e3o de cookies afetar\u00e1 a funcionalidade deste e de muitos outros sites que voc\u00ea visita. A desativa\u00e7\u00e3o de cookies geralmente resultar\u00e1 na desativa\u00e7\u00e3o de determinadas funcionalidades e recursos deste site. Portanto, \u00e9 recomend\u00e1vel que voc\u00ea n\u00e3o desative os cookies.<\/p>\n\n\n\n<h3 class=\"wp-block-heading\"><strong>Cookies que definimos<\/strong><\/h3>\n\n\n\n<h4 class=\"wp-block-heading\"><strong>Cookies relacionados a pesquisas<\/strong><\/h4>\n\n\n\n<p>Periodicamente, oferecemos pesquisas e question\u00e1rios para fornecer informa\u00e7\u00f5es interessantes, ferramentas \u00fateis ou para entender nossa base de usu\u00e1rios com mais precis\u00e3o. Essas pesquisas podem usar cookies para lembrar quem j\u00e1 participou numa pesquisa ou para fornecer resultados precisos ap\u00f3s a altera\u00e7\u00e3o das p\u00e1ginas.<\/p>\n\n\n\n<h4 class=\"wp-block-heading\"><strong>Cookies relacionados a formul\u00e1rios<\/strong><\/h4>\n\n\n\n<p>Quando voc\u00ea envia dados por meio de um formul\u00e1rio como os encontrados nas p\u00e1ginas de contacto ou nos formul\u00e1rios de coment\u00e1rios, os cookies podem ser configurados para lembrar os detalhes do usu\u00e1rio para correspond\u00eancia futura.<\/p>\n\n\n\n<h4 class=\"wp-block-heading\"><strong>Cookies de prefer\u00eancias do site<\/strong><\/h4>\n\n\n\n<p>Para proporcionar uma \u00f3tima experi\u00eancia neste site, fornecemos a funcionalidade para definir suas prefer\u00eancias de como esse site \u00e9 executado quando voc\u00ea o usa. Para lembrar suas prefer\u00eancias, precisamos definir cookies para que essas informa\u00e7\u00f5es possam ser chamadas sempre que voc\u00ea interagir com uma p\u00e1gina for afetada por suas prefer\u00eancias.<\/p>\n\n\n\n<h4 class=\"wp-block-heading\"><strong>Cookies de Terceiros<\/strong><\/h4>\n\n\n\n<p>Em alguns casos especiais, tamb\u00e9m usamos cookies fornecidos por terceiros confi\u00e1veis. A se\u00e7\u00e3o a seguir detalha quais cookies de terceiros voc\u00ea pode encontrar atrav\u00e9s deste site.<\/p>\n\n\n\n<p>Este site usa o Google Analytics, que \u00e9 uma das solu\u00e7\u00f5es de an\u00e1lise mais difundidas e confi\u00e1veis \u200b\u200bda Web, para nos ajudar a entender como voc\u00ea usa o site e como podemos melhorar sua experi\u00eancia. Esses cookies podem rastrear itens como quanto tempo voc\u00ea gasta no site e as p\u00e1ginas visitadas, para que possamos continuar produzindo conte\u00fado atraente.<\/p>\n\n\n\n<p>Para mais informa\u00e7\u00f5es sobre cookies do Google Analytics, consulte a p\u00e1gina oficial do Google Analytics.<\/p>\n\n\n\n<p>As an\u00e1lises de terceiros s\u00e3o usadas para rastrear e medir o uso deste site, para que possamos continuar produzindo conte\u00fado atrativo. Esses cookies podem rastrear itens como o tempo que voc\u00ea passa no site ou as p\u00e1ginas visitadas, o que nos ajuda a entender como podemos melhorar o site para voc\u00ea.<\/p>\n\n\n\n<p>Periodicamente, testamos novos recursos e fazemos altera\u00e7\u00f5es subtis na maneira como o site se apresenta. Quando ainda estamos testando novos recursos, esses cookies podem ser usados \u200b\u200bpara garantir que voc\u00ea receba uma experi\u00eancia consistente enquanto estiver no site, enquanto entendemos quais otimiza\u00e7\u00f5es os nossos usu\u00e1rios mais apreciam.<\/p>\n\n\n\n<p>\u00c0 medida que vendemos produtos, \u00e9 importante entendermos as estat\u00edsticas sobre quantos visitantes de nosso site realmente compram e, portanto, esse \u00e9 o tipo de dados que esses cookies rastrear\u00e3o. Isso \u00e9 importante para voc\u00ea, pois significa que podemos fazer previs\u00f5es de neg\u00f3cios com precis\u00e3o que nos permitem analizar nossos custos de publicidade e produtos para garantir o melhor pre\u00e7o poss\u00edvel.<\/p>\n\n\n\n<h3 class=\"wp-block-heading\"><strong>Mais informa\u00e7\u00f5es<\/strong><\/h3>\n\n\n\n<p>Esperemos que esteja esclarecido e, como mencionado anteriormente, se houver algo que voc\u00ea n\u00e3o tem certeza se precisa ou n\u00e3o, geralmente \u00e9 mais seguro deixar os cookies ativados, caso interaja com um dos recursos que voc\u00ea usa em nosso site.<\/p>\n\n\n\n<h2 class=\"wp-block-heading\"><strong>Partilha e Guarda da sua Informa\u00e7\u00e3o Pessoal<\/strong><\/h2>\n\n\n\n<p>Os teus dados s\u00e3o utilizados exclusivamente por mim, n\u00e3o sendo partilhados ou divulgados a terceiros de nenhuma forma para al\u00e9m das j\u00e1 descritas acima.<\/p>\n\n\n\n<p>Se pretendes que apague a tua informa\u00e7\u00e3o pessoal, contacta-me directamente no formul\u00e1rio <a href=\"https:\/\/adiyogiescola.com\/cursos-online\/contactos\/\">aqui<\/a>.<\/p>\n\n\n\n<p><em>Esta pol\u00edtica de privacidade \u00e9 efetiva a partir de Novembro 2021.<\/em><\/p>\n","protected":false},"excerpt":{"rendered":"<p>Eu, Susana Pessoa Neves, fa\u00e7o a gest\u00e3o do site www.adiyogiescola.com. Esta p\u00e1gina informa-te das minhas pol\u00edticas relativamente \u00e0 obten\u00e7\u00e3o, uso e divulga\u00e7\u00e3o de Informa\u00e7\u00f5es Pessoais que recebo de utilizadores neste Website. Apenas utilizo a Informa\u00e7\u00e3o Pessoal para melhorar a tua experi\u00eancia neste website. Ao utilizares este site, est\u00e1s a autorizar a obten\u00e7\u00e3o e uso de [&hellip;]<\/p>\n","protected":false},"author":1,"featured_media":0,"parent":0,"menu_order":0,"comment_status":"closed","ping_status":"closed","template":"","meta":{"_uag_custom_page_level_css":"","site-sidebar-layout":"default","site-content-layout":"default","ast-site-content-layout":"default","site-content-style":"default","site-sidebar-style":"default","ast-global-header-display":"","ast-banner-title-visibility":"","ast-main-header-display":"","ast-hfb-above-header-display":"","ast-hfb-below-header-display":"","ast-hfb-mobile-header-display":"","site-post-title":"","ast-breadcrumbs-content":"","ast-featured-img":"","footer-sml-layout":"","ast-disable-related-posts":"","theme-transparent-header-meta":"default","adv-header-id-meta":"","stick-header-meta":"","header-above-stick-meta":"","header-main-stick-meta":"","header-below-stick-meta":"","astra-migrate-meta-layouts":"default","ast-page-background-enabled":"default","ast-page-background-meta":{"desktop":{"background-color":"","background-image":"","background-repeat":"repeat","background-position":"center center","background-size":"auto","background-attachment":"scroll","background-type":"","background-media":"","overlay-type":"","overlay-color":"","overlay-opacity":"","overlay-gradient":""},"tablet":{"background-color":"","background-image":"","background-repeat":"repeat","background-position":"center center","background-size":"auto","background-attachment":"scroll","background-type":"","background-media":"","overlay-type":"","overlay-color":"","overlay-opacity":"","overlay-gradient":""},"mobile":{"background-color":"","background-image":"","background-repeat":"repeat","background-position":"center center","background-size":"auto","background-attachment":"scroll","background-type":"","background-media":"","overlay-type":"","overlay-color":"","overlay-opacity":"","overlay-gradient":""}},"ast-content-background-meta":{"desktop":{"background-color":"var(--ast-global-color-5)","background-image":"","background-repeat":"repeat","background-position":"center center","background-size":"auto","background-attachment":"scroll","background-type":"","background-media":"","overlay-type":"","overlay-color":"","overlay-opacity":"","overlay-gradient":""},"tablet":{"background-color":"var(--ast-global-color-5)","background-image":"","background-repeat":"repeat","background-position":"center center","background-size":"auto","background-attachment":"scroll","background-type":"","background-media":"","overlay-type":"","overlay-color":"","overlay-opacity":"","overlay-gradient":""},"mobile":{"background-color":"var(--ast-global-color-5)","background-image":"","background-repeat":"repeat","background-position":"center center","background-size":"auto","background-attachment":"scroll","background-type":"","background-media":"","overlay-type":"","overlay-color":"","overlay-opacity":"","overlay-gradient":""}},"footnotes":""},"class_list":["post-765","page","type-page","status-publish","hentry"],"uagb_featured_image_src":{"full":false,"thumbnail":false,"medium":false,"medium_large":false,"large":false,"1536x1536":false,"2048x2048":false},"uagb_author_info":{"display_name":"asantana","author_link":"https:\/\/adiyogiescola.com\/cursos-online\/author\/asantana\/"},"uagb_comment_info":0,"uagb_excerpt":"Eu, Susana Pessoa Neves, fa\u00e7o a gest\u00e3o do site www.adiyogiescola.com. Esta p\u00e1gina informa-te das minhas pol\u00edticas relativamente \u00e0 obten\u00e7\u00e3o, uso e divulga\u00e7\u00e3o de Informa\u00e7\u00f5es Pessoais que recebo de utilizadores neste Website. Apenas utilizo a Informa\u00e7\u00e3o Pessoal para melhorar a tua experi\u00eancia neste website. Ao utilizares este site, est\u00e1s a autorizar a obten\u00e7\u00e3o e uso de&hellip;","_links":{"self":[{"href":"https:\/\/adiyogiescola.com\/cursos-online\/wp-json\/wp\/v2\/pages\/765","targetHints":{"allow":["GET"]}}],"collection":[{"href":"https:\/\/adiyogiescola.com\/cursos-online\/wp-json\/wp\/v2\/pages"}],"about":[{"href":"https:\/\/adiyogiescola.com\/cursos-online\/wp-json\/wp\/v2\/types\/page"}],"author":[{"embeddable":true,"href":"https:\/\/adiyogiescola.com\/cursos-online\/wp-json\/wp\/v2\/users\/1"}],"replies":[{"embeddable":true,"href":"https:\/\/adiyogiescola.com\/cursos-online\/wp-json\/wp\/v2\/comments?post=765"}],"version-history":[{"count":0,"href":"https:\/\/adiyogiescola.com\/cursos-online\/wp-json\/wp\/v2\/pages\/765\/revisions"}],"wp:attachment":[{"href":"https:\/\/adiyogiescola.com\/cursos-online\/wp-json\/wp\/v2\/media?parent=765"}],"curies":[{"name":"wp","href":"https:\/\/api.w.org\/{rel}","templated":true}]}}